+ 18 = -c, 2*c + 2*f + 6 = 0. Calculate the remainder when (-3 + 5 + 60)/c is divided by s.
9
Let f(o) = -16*o - 1. Let s(b) = -b - 3. Let w be s(-2). Let n = -1000 - -1058. Calculate the remainder when n is divided by f(w).
13
Calculate the remainder when 578 is divided by ((-4)/(-3))/(32/1752).
67
Calculate the remainder when 9574 is divided by ((-56)/(-84))/((-6)/15 - (-59)/135).
16
Let b(x) = -x**3 - 23*x**2 + x + 26. Let t be b(-23). Calculate the remainder when t/(((-3)/15)/((-370)/50)) is divided by 2/(4/2) + 27.
27
Suppose 6*f - 50 = -20. Suppose 3*m = -f*s + 3*s + 394, 3*s - 2*m = 578. What is the remainder when s is divided by 33?
29
Let o = 22026 - 20920. What is the remainder when o is divided by 15?
11
Let l(b) = -2*b**3 - 18*b**2 - 2*b - 19. Let t be l(-9). Calculate the remainder when 165 is divided by (-1520)/(-64) + ((-3)/12)/t.
21
Let x(r) = 17*r**3 + r**2 + 2*r - 2. Let t be x(1). What is the remainder when 1/(-5) + (-1342)/(-10) is divided by (-5)/(-5)*t*(-10)/(-4)?
44
Suppose -4*k + 2 = -5*k, -3*j = -4*k - 2. Calculate the remainder when 6/4*j*(-13 - 13) is divided by 20/((1/1)/1).
18
Suppose -5*c = -4*q - 887, -5*q + 2*q = 3*c - 516. Suppose 0 = 186*p - 166*p - 400. Calculate the remainder when c is divided by p.
15
Suppose 9*w + 299 = 4817. Let u = w + -449. Suppose 2*o + 3*o - 90 = 0. What is the remainder when u is divided by o?
17
Suppose 3*f - 53*f = 8*f - 10904. What is the remainder when f is divided by 20?
8
Let l(j) = -6*j - 24. Let x be l(-4). Suppose 5*g - a - 129 = 0, g + x*a - 21 = -a. Calculate the remainder when g is divided by 4.
1
Suppose 2*s + 5*z = 64, -4*s + 42*z + 152 = 40*z. Suppose q = 3*a + s, 3*q - 4*a - 167 = -9*a. Let u = -8 - -13. Calculate the remainder when q is divided by u.
4
Let s(a) = -3*a - 9. Let z be s(-4). Suppose 11*v - 8*v - z*q = 111, -25 = -v - 5*q. Calculate the remainder when 187 is divided by v.
12
Let u(d) = 194*d + 68. Let h(g) = -65*g - 23. Let r(s) = 11*h(s) + 4*u(s). Let p be r(-4). What is the remainder when 32 is divided by p/(-15) + 1 + -3 + 0?
6
Let j(h) = -h**2 + 14*h - 22. Let a be j(12). Suppose l - 3*v = a*v + 30, -3*v = 12. Let p = -4 + 10. Calculate the remainder when l is divided by p.
4
Let g(o) = -15*o**3 - o**2 - o + 7110. Calculate the remainder when g(0) is divided by 14.
12
Let m(f) = 7*f - 2. Suppose 5*x - 13*n + 14*n - 57 = 0, 0 = 3*x + 5*n - 43. Suppose x*b = -60 + 863. What is the remainder when b is divided by m(3)?
16
Let o be ((-2)/5)/((-22)/(-33))*-215. Suppose o = k - 92. Suppose -5*c = -3*j + 5*j - k, 0 = 5*j - 15. Calculate the remainder when 84 is divided by c.
41
Let w = -17942 - -19311. What is the remainder when w is divided by 104?
17
Let z(y) = -611*y + 306*y + 311*y + 9. What is the remainder when 195 is divided by z(4)?
30
Suppose -95*z + 1892 = -51*z. What is the remainder when 84 is divided by z?
41
Let t be 35/10 - 6/(-12). Suppose 2*l = 2*a - 38, 95 = a + t*a + l. What is the remainder when a is divided by 10?
9
Let g(h) = 25*h - 5. Let n be g(-8). Let y = 2408 + -2397. Calculate the remainder when n/(-10) - (-2)/(-4) is divided by y.
9
Let s(f) = -10*f - 173. What is the remainder when 145 is divided by s(-18)?
5
Let c be 63/(-12)*(-68)/51. Suppose y - 2*q + c*q - 42 = 0, -q + 48 = 2*y. Calculate the remainder when 74 is divided by y.
8
Suppose -2*c - 4 + 74 = -4*t, 5*c + 2*t - 163 = 0. Calculate the remainder when 5245 is divided by c.
31
Let f = -268 - -637. Calculate the remainder when f is divided by 27.
18
Let w be (-236)/8 - 24/(-16). What is the remainder when (-26019)/(-686) - 2/w is divided by 14?
10
Let s(b) = -114*b**3 - 22*b**2 - 2*b + 1. What is the remainder when 385 is divided by s(-1)?
5
Calculate the remainder when (133/(5985/432))/((-4)/(-70)) is divided by ((-38)/(-8))/((-2)/(-24)).
54
Suppose 4*f = 163 + 1213. Suppose 14*h = 22*h - f. What is the remainder when h is divided by 9?
7
Let o = -2305 + 5372. Calculate the remainder when o is divided by 192.
187
Suppose 28*t - 8*t - 80 = 0. Suppose -4*o - 12 = -2*s + 2, 0 = -2*s - t*o + 54. Calculate the remainder when s is divided by 9.
8
Suppose -6*f + 116 = -2*f. Suppose -192*g - 147*g + 5424 = 0. Calculate the remainder when f is divided by g.
13
Let a = -111 - 88. Let b = a + 203. Calculate the remainder when 134 is divided by b.
2
Let v(w) = 16*w**2 + 5*w - 3. Suppose -22*s + 14*s = 24. What is the remainder when v(s) is divided by 43?
40
Suppose 5*g + h = 40, 0*g = -4*g - 3*h + 43. Let v = -8027 - -8053. What is the remainder when v is divided by g?
5
What is the remainder when 1/(7/(-4)) - 333642/(-357) is divided by 104?
102
Calculate the remainder when 792/(1 + 11) - -7 is divided by 64.
9
Suppose 3*p - 3*a - 190 = 191, -a = 1. Let z = 163 - p. Calculate the remainder when z is divided by ((-1)/(2/16))/(-1).
5
Let g = 195 + -190. Let o = g + 101. Calculate the remainder when o is divided by 29.
19
Let v(n) = -2*n**3 - 13*n**2 + 3*n - 5. Suppose h = -65 + 58. Calculate the remainder when 68 is divided by v(h).
22
Suppose -722 = 3*z + 3*u - 797, 2*u = 2*z - 18. Suppose l + l - 4 = 0. Suppose b - 12 = -l*b. Calculate the remainder when z is divided by b.
1
Suppose 15*q + 431 = 27*q + 119. What is the remainder when 354 is divided by q?
16
Suppose -2*t + 6*c + 48 = 0, 0*t - 3*t + 39 = 2*c. What is the remainder when 44 is divided by t?
14
Suppose -24*i - 10006 = -29*i - 4*w, 2*i + 5*w - 4016 = 0. What is the remainder when i is divided by 100?
98
Let u = 4 - -1. Let z(x) = 78*x**2 + 925*x - 11. Let m be z(-12). Suppose -u*t + m = 16. What is the remainder when 82 is divided by t?
19
Suppose 12*t - 988 = -26*t. Let x = 4 + -2. Suppose n + 5*w - 102 = 0, n - 6*w = -x*w + 147. Calculate the remainder when n is divided by t.
23
Let w(u) = 19*u + 1701. What is the remainder when w(-88) is divided by (-49)/(-3) - 1/3?
13
Let a(p) = p**2 - 11*p - 4. Let f be a(11). What is the remainder when 78 is divided by (-5 - (-36 + 6)) + f?
15
Suppose -476*d + 489*d - 8437 = 0. What is the remainder when d is divided by 41?
34
Let n = 600 - 612. Calculate the remainder when 77 is divided by n/18*3 + 38 + -4.
13
Let g(p) = 9*p + 56. Let q be g(-5). Suppose -l + 62 = 5*s, -s + 14*l - q*l + 22 = 0. Calculate the remainder when 88 is divided by s.
10
Suppose 0 = 3*p + 2*m - 25, 2*m - 10 - 8 = -2*p. Suppose 0 = p*u - 11 - 31. Calculate the remainder when 896/20 + 2/10 is divided by u.
3
Suppose 4*h + 6 = 3*b, h - 4*b + 9 = 1. Suppose h = j + 2*j - 42. Let u = 30 - j. Calculate the remainder when 61 is divided by u.
13
Suppose 2*w = -5*u + 21, -10*u + 11 = 2*w - 15*u. Calculate the remainder when 761 is divided by w.
1
Let y be 323/6 - -3 - (-1)/6. Suppose 0 = y*h - 66*h + 225. What is the remainder when 48 is divided by h?
23
Suppose 0 = 127*o - 4*o - 29931 - 73635. Calculate the remainder when o is divided by 18.
14
Let k be (-66)/(-4) - -2*3/4. Suppose -r - 77 = -2*y, -y + k*r + 34 = 16*r. Calculate the remainder when y is divided by 3.
1
Let j(a) = -334*a - 785. What is the remainder when j(-6) is divided by 30?
19
Suppose 153 = 44*k + 377 - 1412. Calculate the remainder when 23190 is divided by k.
24
Suppose -4*x + i + 276 = 0, 0*x + 3*x = 2*i + 202. Let a = -41 + x. Calculate the remainder when 37 is divided by a.
8
Let b = 8 - 10. Calculate the remainder when (-7735)/(-425) - b/(-10) is divided by 7.
4
Suppose -5*o - 222 = -3*c + 313, -o = -5*c + 921. Let s = c - 61. Let z = s - 85. Calculate the remainder when z is divided by 8.
7
Let u be ((-1)/(-3))/((-1)/3). Let r(z) be the second derivative of 5*z**4/3 + 29*z. Calculate the remainder when r(u) is divided by 3.
2
Suppose -122*c + 87898 + 110352 = 0. What is the remainder when c is divided by 421?
362
Let r(z) = 2*z**2 - 12*z - 41. Let p = 38 - 25. What is the remainder when r(9) is divided by p?
0
Let o = 25 + -22. Suppose 1242 - 5691 = o*b - k, 7432 = -5*b - 4*k. What is the remainder when (b/70)/(4/(-10)) is divided by 27?
26
Let u(x) = -49*x - 15. Let t be u(2). Let d = 172 + t. Calculate the remainder when d is divided by 22.
15
Suppose -84540*j = -84525*j - 630. Calculate the remainder when 101 is divided by j.
17
Suppose 2*d - 3*g - 72 = 0, 0*d + 4*d = -2*g + 128. Calculate the remainder when 651 is divided by d.
2